 (-1 - -3) - -2. Let d(j) = 1 - 3*j + 0*j + z*j + 0*j. Give d(-4).
-3
Let f(m) = 19*m**2 - 4*m + 24. Let y(k) = -3*k**2 - k - 1. Let r(v) = -f(v) - 6*y(v). Give r(7).
3
Let n(a) = -14*a - 2. Suppose -11 = -13*w + 2. What is n(w)?
-16
Suppose -2*a + 44 = 2*a. Suppose a - 30 = -3*i - 5*u, -u - 1 = 0. Let o(p) = p - 10. Determine o(i).
-2
Let v(n) = -8*n**2 + 8*n - 15. Let b(z) = 15*z**2 - 16*z + 30. Let r(k) = -6*b(k) - 11*v(k). Let t(j) be the first derivative of r(j). Determine t(7).
-20
Let l = -329 - -330. Let d(m) = -11*m**2 + 1. Calculate d(l).
-10
Let d be 10/4 - (-1)/(-2). Let f(c) = -4*c**3 + 5*c**3 - c**2 - 1 + 3 - 4. Calculate f(d).
2
Let x(j) = j**2 - j + 7. Let n = -45 - -63. Suppose 0 = n*w - 10*w - 10*w. What is x(w)?
7
Let x be ((-3 - 1)*-7)/2. Let l = -8 + x. Let r(t) = -t**2 + 3*t + 6. What is r(l)?
-12
Let t(s) = 9*s - 4. Let y(g) = -9*g + 7. Let l(a) = -a + 1. Let o(u) = -2*l(u) + y(u). Let f(p) = 5*o(p) + 4*t(p). Calculate f(-9).
0
Let c = 18 - 14. Let v(x) = x**3 - 4*x**2 - 2*x + 7. Let z be v(c). Let o(r) = 17*r**2. Determine o(z).
17
Let q(w) = -3*w**2 + w + 1. Let l(t) = -5*t**2 - 64*t + 65. Let m be l(1). Give q(m).
-51
Let s(m) = -2 + 11 - 8*m**2 - 8 - 4*m. Let y(d) = -7*d**2 - 4*d. Let p(u) = -6*s(u) + 7*y(u). What is p(-5)?
-11
Let o be (1 + -13)*(0 - -1). Let g = o - -7. Let x(l) = -6*l + 2. Let b(s) = s. Let m(v) = 5*b(v) + x(v). Calculate m(g).
7
Let k(q) = -q + 5. Let b(o) = -15*o + 70. Let p(x) = -5*x + 23. Let t(c) = 2*b(c) - 7*p(c). Let z(n) = -18*k(n) - 4*t(n). Determine z(-8).
10
Let i(m) = -69*m + 27*m + 21*m + 20*m - 17. What is i(-8)?
-9
Suppose 4*i - 83 = -3*w, -25 = -i - 0*i - 5*w. Suppose 2*s - 3*y = -2*s + 4, 0 = 5*y - i. Let r(z) = z**2 - 5*z - 1. Calculate r(s).
-5
Let b = 1012 - 1004. Let x(o) = -o**2 + 10*o - 11. Determine x(b).
5
Suppose -11 = -4*b - 3*y - 19, 2*b - 3*y = -4. Let g(s) = -s**3 + s**2. Calculate g(b).
12
Let l be 1 - -3*4/(-6). Let u(r) be the first derivative of 3*r**2/2 + r - 16. Determine u(l).
-2
Let h(s) = -7*s**3 + 7*s**2 + s + 2. Let t(w) = -8*w**3 + 8*w**2 + 2*w + 3. Let c(v) = 4*h(v) - 3*t(v). What is c(2)?
-21
Let v(k) be the third derivative of k**6/120 - k**5/12 + 7*k**4/24 - k**3/6 - 19*k**2 - 1. Determine v(5).
34
Let x be -1 + (-2 - (7 + -6)). Let j(s) = -2*s**2 - 5*s + 4. Calculate j(x).
-8
Let k(g) be the third derivative of 0 - 7/24*g**4 + 0*g - 1/120*g**6 + 2/15*g**5 + 1/3*g**3 - 11*g**2. Suppose -m - 21 = -4*m. Give k(m).
2
Suppose -p = -5*m + 442, p = -6*m + m + 438. Let k = -94 + m. Let v(g) = 2*g + 9. Calculate v(k).
-3
Suppose m - 2 = -z, -36*m + 33*m - 4*z = -2. Let s(x) = 6*x - 32. Calculate s(m).
4
Suppose d + d + 4*v = 10, 4*d - v - 20 = 0. Let n(j) = -j**2 - 2*j + 7. Let c(y) = -y + 1. Let p be 56/9 + 34/(-153). Let k(t) = p*c(t) - n(t). Calculate k(d).
4
Let r = 118 + -112. Let n(b) be the third derivative of 5*b**2 - 1/6*b**4 - 1/15*b**5 + 0 - 1/60*b**r - 1/2*b**3 + 0*b. Determine n(-2).
5
Let x(p) = 3 + 2 + 5*p**2 - p**3 + 4*p + 0. Suppose 76658 - 76623 = 7*d. What is x(d)?
25
Let m(j) be the first derivative of j**4/4 - 4*j**3 - j**2 + 26*j - 277. What is m(12)?
2
Suppose -14*l + 93 = -75. Let k(w) = w**3 - 13*w**2 + 13*w - 17. What is k(l)?
-5
Let h = 37 - 31. Let j(n) = -4*n**2 + 23*n - 33. Let y(u) = u**2 - 6*u + 8. Let s(t) = 2*j(t) + 9*y(t). What is s(h)?
-6
Let w = -1060 + 1069. Let q(h) = h**3 - 10*h**2 + 14*h - 14. Calculate q(w).
31
Let v = 423 + -432. Let n(y) = y**3 + 10*y**2 + 11*y - 1. Give n(v).
-19
Let t = 14 - 12. Suppose 1 - 3 = t*q. Let a(v) = -3*v - 1. Give a(q).
2
Suppose -7*l + 4*l = -3*x, 2*x + 3 = 5*l. Let b(k) = -17*k**3 + k. Give b(l).
-16
Let h(y) be the first derivative of -y**2/2 + y - 1. Suppose 3*d - d + 44 = -4*j, -2*j + 14 = -d. Let r = 22 + d. Determine h(r).
-3
Suppose 2*w = -4*g + 6 - 16, 20 = -5*g - 4*w. Let y(a) be the second derivative of 3*a**2 - 4/3*a**3 + g + 6*a + 1/12*a**4. Give y(6).
-6
Let b(u) be the first derivative of 10 - 5/3*u**3 - 4*u - 3/2*u**2 + 1/4*u**4. Give b(6).
14
Let k(i) = 4*i**3 - i**2 - i + 1. Let t be -31*(-4 + (-9)/(-3)). Suppose 3*v - t = 17. Let r = v + -15. Determine k(r).
3
Let v(z) = -z**2 - 17*z - 10. Suppose 0 = -3*r + 3*q - 33, 14*r + q = 11*r - 53. Calculate v(r).
6
Let f(s) = -s**2 - 7*s - 3. Suppose -6*t - 11 = -539. Suppose -q + 82 = t. Determine f(q).
3
Let y(a) = -a**2 + 3*a + 5. Let c(u) = 13*u - 67. Let o be c(5). What is y(o)?
-5
Let x(a) = -a + 7. Let d(q) = -q + 8. Let j = 44 - 38. Let p(w) = j*d(w) - 7*x(w). What is p(5)?
4
Let b(x) = -x**3 - 2*x**2 + 3*x + 3. Let m = 3 - 6. Determine b(m).
3
Suppose -308 = -7*b - 4*b. Let l(h) = -15*h - 16*h - 4 + b*h. What is l(-3)?
5
Let c(g) be the third derivative of g**6/120 - g**5/5 + 19*g**4/24 + 2*g**3/3 + 83*g**2 - g. Give c(10).
-6
Let x(j) = -4*j + 1. Let z be 3/3 - (1 - -2). Let c be (2 + -2)/2 - -4. Let u = z + c. What is x(u)?
-7
Let d(q) = 5*q + 1. Let k(n) = 2*n - 7. Let m be k(5). Suppose -m*j + 40 = 2*j. Suppose -h = 5*l + j, 0*l + 4 = 5*l - 3*h. Give d(l).
-4
Let g(w) = -w**2 + 3*w + 7. Suppose -m = -0*m + 16. Let s = -6 - m. Suppose 0 = 2*d - s - 0. Calculate g(d).
-3
Suppose -c = -5*c. Suppose c = -l - l. Let j(f) = f**3 + f**2 - 4. Calculate j(l).
-4
Let o = 2 + -2. Let c(b) = -2*b - 19 - 1389*b**2 + 1393*b**2 + 3*b. Let j(r) = 5*r**2 + r - 19. Let h(z) = 6*c(z) - 5*j(z). What is h(o)?
-19
Let a(r) = r - 5. Let x be (1521/171 - 9) + (-116)/(-19). Give a(x).
1
Let t(s) = -2*s**2 - 2*s - 1. Let o be (-9)/6*(-24)/9. Suppose o*u = -0*u - 320. Let b be u/100*(-10)/(-4). Give t(b).
-5
Let r be 20/(-70) + (1 - 6/(-21)). Let v(a) = a**2 + 5*a + 10. Let x(d) = -d - 1. Let j(u) = r*v(u) + 5*x(u). Calculate j(0).
5
Let x(p) = p**3 + 11*p**2 - 7*p + 14. Let t(v) = v**3 + 9*v**2 - 6*v + 12. Let j(g) = 6*t(g) - 5*x(g). Let k = 1 + -1. What is j(k)?
2
Let s = 94 + -93. Let w(i) = 4*i. What is w(s)?
4
Let z(x) = 4*x**2 - 4*x + 4. Suppose 0 = -5*y - 5*f + 4*f + 13, -2*y + 3*f - 5 = 0. What is z(y)?
12
Suppose 5 = 3*g - 28. Suppose 0 = -4*s + g + 13. Let z(m) = -m**2 + s*m**2 - 3*m**2 + 0*m**2. What is z(-1)?
2
Let y(n) = 2921 + n**2 + 0*n**2 - 2907 - 12*n. Let x = -9 + 19. Determine y(x).
-6
Let z(y) be the second derivative of 2*y**2 + 0 + 8*y - 1/20*y**5 + 1/3*y**4 + 2/3*y**3. Calculate z(5).
-1
Let t = -36 + 41. Suppose -22*o = -17*o - t. Let v(a) = a**2 + 1. What is v(o)?
2
Let b(j) = -j**3 - j**2 - 3*j - 2. Let u(l) = -l**2 - 5*l - 1. Let a be u(-5). Let v be b(a). Let c(s) = 2*s**2 + s - 1. Give c(v).
2
Let i be ((-6)/(-18))/(2/30). Let w(r) = 10*r - 7. Let k(m) = 24*m - 14. Let d(t) = -2*k(t) + 5*w(t). Give d(i).
3
Let y be 546/(-9) + 18/27. Let f = y - -54. Let c(d) = -d - 7. Let l(u) = -u - 10. Let m(h) = 8*c(h) - 5*l(h). Give m(f).
12
Let l(x) be the second derivative of -1/2*x**2 + 0 - 1/6*x**4 + 6*x - 1/2*x**3. Let o be 0 - 6/(-3)*-1. Calculate l(o).
-3
Let b(c) = -3*c. Let a(u) = -2*u + 7. Let q = 20 - 29. Let w be a(q). Let l be (5/w)/((-1)/(-15)). Calculate b(l).
-9
Let s(q) = -q**2 + 0 + 7 - 6. Let v(n) = 3*n**2 - 10*n - 6. Let w(k) = 4*s(k) + v(k). Give w(-10).
-2
Let a(j) = 16*j + 5. Let y(q) = -3*q - 1. Let d(v) = -v**2 + 4*v + 1. Let h be d(6). Let p(l) = h*y(l) - 2*a(l). Calculate p(7).
8
Let s(l) = 38*l - 26. Let z be s(7). Let m be 5/(-1)*(z/25)/8. Let o(w) = w + 5. Give o(m).
-1
Let s be 10/45 + (2056/(-18) - -1). Let a = -112 - s. Let j(g) = 5*g - g + 1 - 5*g. Determine j(a).
0
Let k(n) = -n**3 - 8*n**2 + 10*n + 9. Let w be (-75)/9 + (-2)/3. Let q be k(w). Let t(o) = 5*o**2 - 4*o**2 + q - 2 - 4*o + 0. Determine t(4).
-2
Let n(m) be the third derivative of -m**5/30 + m**3/2 + 28*m**2 + 2. Determine n(-5).
-47
Let g(f) = -7*f**2 - f + 2. Let b be g(-4). Let i = -72 - b. Let s be i/8 + 21/28. Let c(a) = -a**3 + 6*a**2 - 3*a - 1. Give c(s).
9
Let k be 120/21 - (-2)/7. Let w be 0 - (-1 - 0 - 1). Let z(v) = -v + 0 - 1 + w + 1. What is z(k)?
-4
Let h(s) = -2*s**2 - 3*s - 1. Suppose 3*q - 231 = 3*d - 2*d, 3*d + 154 = 2*q. Let l = q - 79. Calculate h(l).
-3
Suppose 3 = 2*u - 7. Suppose -v - 7 = -u. Let m(g) be the third derivative of -5*g**4/12 - g**3/2 + g**2. What is m(v)?
17
Suppose -2 - 2 = 4*z. Let n be (z*10/4)/((-1)/(-4)). Let l(g) = -2*g - 10. Determine l(n).
10
Let s = -6 - -9. Let v be (-1)/((2 - 